{"id":3354,"date":"2019-07-17T21:12:49","date_gmt":"2019-07-17T21:12:49","guid":{"rendered":"https:\/\/murkka.com\/?page_id=3354"},"modified":"2019-08-01T10:13:42","modified_gmt":"2019-08-01T10:13:42","slug":"kehystetyt-terassilasit","status":"publish","type":"page","link":"https:\/\/murkka.com\/fi\/parveke\/terassit\/kehystetyt-terassilasit\/","title":{"rendered":"Kehystetyt terassilasit"},"content":{"rendered":"<p>[vc_row][vc_column][vc_column_text]<\/p>\n<h1>Kehystetyt terassilasit<img decoding=\"async\" class=\" wp-image-6241 alignright\" src=\"https:\/\/malmerkklaasium.ee\/wp-content\/uploads\/2016\/11\/Section_COPAL-93x300.jpg\" sizes=\"(max-width: 72px) 100vw, 72px\" srcset=\"https:\/\/malmerkklaasium.ee\/wp-content\/uploads\/2016\/11\/Section_COPAL-93x300.jpg 93w, https:\/\/malmerkklaasium.ee\/wp-content\/uploads\/2016\/11\/Section_COPAL-280x900.jpg 280w, https:\/\/malmerkklaasium.ee\/wp-content\/uploads\/2016\/11\/Section_COPAL.jpg 282w\" alt=\"section_copal\" width=\"72\" height=\"232\" \/><\/h1>\n<p>Helposti asennettava terassien lasiliukuovien j\u00e4rjestelm\u00e4 koostuu alumiiniprofiileista valmistetuista moduuleista ja niiden sis\u00e4\u00e4n sijoitetuista laseista. Moduulit liikkuvat sujuvasti huoltovapailla muovipinnoitteisilla laakerirullilla 2-, 3- tai 4-rivisen yl\u00e4- ja alakiskon v\u00e4liss\u00e4, kiskoissa on vedenpoistoaukot. Moduuleiden liitoskohdissa on nk.\u00a0<strong>tuulilukko<\/strong>\u00a0ja harjatiiviste. T\u00e4m\u00e4 erityisvalmisteinen tiiviste erist\u00e4\u00e4 melua ja parantaa terassin p\u00f6ly- ja vesitiiviytt\u00e4. Tuulilukolla on my\u00f6s\u00a0<strong>turvatoiminto<\/strong>\u00a0\u2013 moduuleita ei pysty irrottamaan ulkopuolelta.[\/vc_column_text][\/vc_column][\/vc_row][vc_row][vc_column][vc_column_text]<\/p>\n<h3>Materiaalit<\/h3>\n<p>J\u00e4rjestelm\u00e4ss\u00e4\u00a0<strong>ei ole mekaanisesti kuluvia osia<\/strong>. Profiilien pintaviimeistelyn\u00e4 on RAL-v\u00e4rikartan mukaan valittu jauhemaali. Laseista voidaan valita 4 ja 6 mm joko\u00a0<strong>karkaistu<\/strong>\u00a0kirkas tai eri v\u00e4ris\u00e4vyiss\u00e4 s\u00e4vytetty lasi. Moduuleiden avaaminen voidaan ratkaista asiakkaan toiveiden mukaan avautumaan joko toiselle puolelle, jos moduuleita on enint\u00e4\u00e4n nelj\u00e4 tai kahdelle puolelle, jos moduuleita on enemm\u00e4n kuin nelj\u00e4.<\/p>\n<p><strong>J\u00e4rjestelm\u00e4 suljettuna ja avattuna<\/strong><\/p>\n<p><a href=\"https:\/\/malmerkklaasium.ee\/wp-content\/uploads\/2016\/11\/Copal_C_2.jpg\" rel=\"group\"><img fetchpriority=\"high\" decoding=\"async\" class=\"alignnone size-medium wp-image-6454\" src=\"https:\/\/malmerkklaasium.ee\/wp-content\/uploads\/2016\/11\/Copal_C_2-300x225.jpg\" sizes=\"(max-width: 300px) 100vw, 300px\" srcset=\"https:\/\/malmerkklaasium.ee\/wp-content\/uploads\/2016\/11\/Copal_C_2-300x225.jpg 300w, https:\/\/malmerkklaasium.ee\/wp-content\/uploads\/2016\/11\/Copal_C_2-1024x768.jpg 1024w, https:\/\/malmerkklaasium.ee\/wp-content\/uploads\/2016\/11\/Copal_C_2-400x300.jpg 400w, https:\/\/malmerkklaasium.ee\/wp-content\/uploads\/2016\/11\/Copal_C_2-1200x900.jpg 1200w\" alt=\"copal_c_2\" width=\"300\" height=\"225\" \/><\/a>\u00a0<a href=\"https:\/\/malmerkklaasium.ee\/wp-content\/uploads\/2016\/11\/Copal_O_2.jpg\" rel=\"group\"><img decoding=\"async\" class=\"alignnone size-medium wp-image-6455\" src=\"https:\/\/malmerkklaasium.ee\/wp-content\/uploads\/2016\/11\/Copal_O_2-300x225.jpg\" sizes=\"(max-width: 300px) 100vw, 300px\" srcset=\"https:\/\/malmerkklaasium.ee\/wp-content\/uploads\/2016\/11\/Copal_O_2-300x225.jpg 300w, https:\/\/malmerkklaasium.ee\/wp-content\/uploads\/2016\/11\/Copal_O_2-1024x768.jpg 1024w, https:\/\/malmerkklaasium.ee\/wp-content\/uploads\/2016\/11\/Copal_O_2-400x300.jpg 400w, https:\/\/malmerkklaasium.ee\/wp-content\/uploads\/2016\/11\/Copal_O_2-1200x900.jpg 1200w\" alt=\"copal_o_2\" width=\"300\" height=\"225\" \/><\/a><\/p>\n<figure id=\"attachment_6197\" class=\"wp-caption alignright\"><figcaption class=\"wp-caption-text\"><\/figcaption><\/figure>\n<figure id=\"attachment_6198\" class=\"wp-caption alignright\"><figcaption class=\"wp-caption-text\"><\/figcaption><\/figure>\n<h3>Lukitus<\/h3>\n<p>Vakioratkaisussa ei ole kehystettyihin terassilaseihin lukitusta asennettu. Lis\u00e4varusteena voidaan valita kaksi lukitustapaa:\u00a0<strong>koukkulukko<\/strong>\u00a0ja\u00a0<strong>salpalukko<\/strong>. Koukkulukko on avaimella varustettu lukitus, joka toimii terassilta ja ulkoa k\u00e4sin. Salpalukko on avaimeton lukitus, joka voidaan avata ja sulkea vain terassin sis\u00e4puolelta.<\/p>\n<h3>Asennus<\/h3>\n<p>Kehystetyt terassilasit on helppo asentaa ja siksi tarjoamme mahdollisuutta tilata tuote asiakkaan ottamisen mittojen mukaan tai\u00a0<strong>ilman meid\u00e4n tarjoamaa asennuspalvelua<\/strong>.[\/vc_column_text][\/vc_column][\/vc_row]<\/p>\n","protected":false},"excerpt":{"rendered":"<p>[vc_row][vc_column][vc_column_text] Kehystetyt terassilasit Helposti asennettava terassien lasiliukuovien j\u00e4rjestelm\u00e4 koostuu alumiiniprofiileista valmistetuista moduuleista ja niiden sis\u00e4\u00e4n sijoitetuista laseista. Moduulit liikkuvat sujuvasti huoltovapailla muovipinnoitteisilla laakerirullilla 2-, 3- tai<span class=\"excerpt-hellip\"> [\u2026]<\/span><\/p>\n","protected":false},"author":2,"featured_media":0,"parent":3344,"menu_order":0,"comment_status":"closed","ping_status":"closed","template":"","meta":{"footnotes":""},"class_list":["post-3354","page","type-page","status-publish","hentry"],"_links":{"self":[{"href":"https:\/\/murkka.com\/fi\/wp-json\/wp\/v2\/pages\/3354","targetHints":{"allow":["GET"]}}],"collection":[{"href":"https:\/\/murkka.com\/fi\/wp-json\/wp\/v2\/pages"}],"about":[{"href":"https:\/\/murkka.com\/fi\/wp-json\/wp\/v2\/types\/page"}],"author":[{"embeddable":true,"href":"https:\/\/murkka.com\/fi\/wp-json\/wp\/v2\/users\/2"}],"replies":[{"embeddable":true,"href":"https:\/\/murkka.com\/fi\/wp-json\/wp\/v2\/comments?post=3354"}],"version-history":[{"count":4,"href":"https:\/\/murkka.com\/fi\/wp-json\/wp\/v2\/pages\/3354\/revisions"}],"predecessor-version":[{"id":3683,"href":"https:\/\/murkka.com\/fi\/wp-json\/wp\/v2\/pages\/3354\/revisions\/3683"}],"up":[{"embeddable":true,"href":"https:\/\/murkka.com\/fi\/wp-json\/wp\/v2\/pages\/3344"}],"wp:attachment":[{"href":"https:\/\/murkka.com\/fi\/wp-json\/wp\/v2\/media?parent=3354"}],"curies":[{"name":"wp","href":"https:\/\/api.w.org\/{rel}","templated":true}]}}

<p>[vc_row][vc_column][vc_column_text]</p>
<h1>Kehystetyt terassilasit<img decoding="async" class=" wp-image-6241 alignright" src="https://malmerkklaasium.ee/wp-content/uploads/2016/11/Section_COPAL-93x300.jpg" sizes="(max-width: 72px) 100vw, 72px" srcset="https://malmerkklaasium.ee/wp-content/uploads/2016/11/Section_COPAL-93x300.jpg 93w, https://malmerkklaasium.ee/wp-content/uploads/2016/11/Section_COPAL-280x900.jpg 280w, https://malmerkklaasium.ee/wp-content/uploads/2016/11/Section_COPAL.jpg 282w" alt="section_copal" width="72" height="232" /></h1>
<p>Helposti asennettava terassien lasiliukuovien järjestelmä koostuu alumiiniprofiileista valmistetuista moduuleista ja niiden sisään sijoitetuista laseista. Moduulit liikkuvat sujuvasti huoltovapailla muovipinnoitteisilla laakerirullilla 2-, 3- tai 4-rivisen ylä- ja alakiskon välissä, kiskoissa on vedenpoistoaukot. Moduuleiden liitoskohdissa on nk. <strong>tuulilukko</strong> ja harjatiiviste. Tämä erityisvalmisteinen tiiviste eristää melua ja parantaa terassin pöly- ja vesitiiviyttä. Tuulilukolla on myös <strong>turvatoiminto</strong> – moduuleita ei pysty irrottamaan ulkopuolelta.[/vc_column_text][/vc_column][/vc_row][vc_row][vc_column][vc_column_text]</p>
<h3>Materiaalit</h3>
<p>Järjestelmässä <strong>ei ole mekaanisesti kuluvia osia</strong>. Profiilien pintaviimeistelynä on RAL-värikartan mukaan valittu jauhemaali. Laseista voidaan valita 4 ja 6 mm joko <strong>karkaistu</strong> kirkas tai eri värisävyissä sävytetty lasi. Moduuleiden avaaminen voidaan ratkaista asiakkaan toiveiden mukaan avautumaan joko toiselle puolelle, jos moduuleita on enintään neljä tai kahdelle puolelle, jos moduuleita on enemmän kuin neljä.</p>
<p><strong>Järjestelmä suljettuna ja avattuna</strong></p>
<p><a href="https://malmerkklaasium.ee/wp-content/uploads/2016/11/Copal_C_2.jpg" rel="group"><img fetchpriority="high" decoding="async" class="alignnone size-medium wp-image-6454" src="https://malmerkklaasium.ee/wp-content/uploads/2016/11/Copal_C_2-300x225.jpg" sizes="(max-width: 300px) 100vw, 300px" srcset="https://malmerkklaasium.ee/wp-content/uploads/2016/11/Copal_C_2-300x225.jpg 300w, https://malmerkklaasium.ee/wp-content/uploads/2016/11/Copal_C_2-1024x768.jpg 1024w, https://malmerkklaasium.ee/wp-content/uploads/2016/11/Copal_C_2-400x300.jpg 400w, https://malmerkklaasium.ee/wp-content/uploads/2016/11/Copal_C_2-1200x900.jpg 1200w" alt="copal_c_2" width="300" height="225" /></a> <a href="https://malmerkklaasium.ee/wp-content/uploads/2016/11/Copal_O_2.jpg" rel="group"><img decoding="async" class="alignnone size-medium wp-image-6455" src="https://malmerkklaasium.ee/wp-content/uploads/2016/11/Copal_O_2-300x225.jpg" sizes="(max-width: 300px) 100vw, 300px" srcset="https://malmerkklaasium.ee/wp-content/uploads/2016/11/Copal_O_2-300x225.jpg 300w, https://malmerkklaasium.ee/wp-content/uploads/2016/11/Copal_O_2-1024x768.jpg 1024w, https://malmerkklaasium.ee/wp-content/uploads/2016/11/Copal_O_2-400x300.jpg 400w, https://malmerkklaasium.ee/wp-content/uploads/2016/11/Copal_O_2-1200x900.jpg 1200w" alt="copal_o_2" width="300" height="225" /></a></p>
<figure id="attachment_6197" class="wp-caption alignright"><figcaption class="wp-caption-text"></figcaption></figure>
<figure id="attachment_6198" class="wp-caption alignright"><figcaption class="wp-caption-text"></figcaption></figure>
<h3>Lukitus</h3>
<p>Vakioratkaisussa ei ole kehystettyihin terassilaseihin lukitusta asennettu. Lisävarusteena voidaan valita kaksi lukitustapaa: <strong>koukkulukko</strong> ja <strong>salpalukko</strong>. Koukkulukko on avaimella varustettu lukitus, joka toimii terassilta ja ulkoa käsin. Salpalukko on avaimeton lukitus, joka voidaan avata ja sulkea vain terassin sisäpuolelta.</p>
<h3>Asennus</h3>
<p>Kehystetyt terassilasit on helppo asentaa ja siksi tarjoamme mahdollisuutta tilata tuote asiakkaan ottamisen mittojen mukaan tai <strong>ilman meidän tarjoamaa asennuspalvelua</strong>.[/vc_column_text][/vc_column][/vc_row]</p>

<p>[vc_row][vc_column][vc_column_text] Kehystetyt terassilasit Helposti asennettava terassien lasiliukuovien järjestelmä koostuu alumiiniprofiileista valmistetuista moduuleista ja niiden sisään sijoitetuista laseista. Moduulit liikkuvat sujuvasti huoltovapailla muovipinnoitteisilla laakerirullilla 2-, 3- tai<span class="excerpt-hellip"> […]</span></p>
