{"id":3364,"date":"2019-07-17T21:19:19","date_gmt":"2019-07-17T21:19:19","guid":{"rendered":"https:\/\/murkka.com\/?page_id=3364"},"modified":"2019-07-17T21:19:19","modified_gmt":"2019-07-17T21:19:19","slug":"kehystamattomat-terassilasit","status":"publish","type":"page","link":"https:\/\/murkka.com\/fi\/parveke\/terassit\/kehystamattomat-terassilasit\/","title":{"rendered":"Kehyst\u00e4m\u00e4tt\u00f6m\u00e4t terassilasit"},"content":{"rendered":"<p>[vc_row][vc_column][vc_column_text]<\/p>\n<h1>Kehyst\u00e4m\u00e4tt\u00f6m\u00e4t terassilasit<\/h1>\n<p>Tuote on\u00a0<strong>samanlainen kuin parvekkeen lasitusj\u00e4rjestelm\u00e4<\/strong>\u00a0ja koostuu yl\u00e4- ja alaohjauskiskosta sek\u00e4 vaakarullapy\u00f6rill\u00e4 varustetuista laseista niiden v\u00e4liss\u00e4. Rullapy\u00f6rien ja profiilien yhdistelm\u00e4 mahdollistaa lasien per\u00e4tt\u00e4isen siirt\u00e4misen. Lasipaneelien avaaminen aloitetaan reunalasista, joka k\u00e4\u00e4nnet\u00e4\u00e4n 90 asteen verran sis\u00e4\u00e4np\u00e4in, seuraavat lasipaneelit siirtyv\u00e4t reunalasin kohdalle ja avautuvat samalla tavalla sis\u00e4\u00e4np\u00e4in k\u00e4\u00e4nt\u00e4m\u00e4ll\u00e4. N\u00e4in saadaan lopulta\u00a0<strong>kaikki<\/strong>\u00a0lasipaneelit siirretty\u00e4 kirjan lehtien tavoin sis\u00e4\u00e4np\u00e4in sein\u00e4n viereen ja terassi on\u00a0<strong>kokonaan auki.<\/strong><\/p>\n<div id=\"gallery-2\" class=\"gallery galleryid-7761 gallery-columns-5 gallery-size-thumbnail\">\n<figure class=\"gallery-item\">\n<div class=\"gallery-icon landscape\"><\/div>\n<\/figure>\n<\/div>\n<p>[\/vc_column_text][\/vc_column][\/vc_row][vc_row][vc_column][vc_gallery type=&#8221;image_grid&#8221; images=&#8221;2945,2949,2953,2957,2961&#8243; img_size=&#8221;full&#8221;][\/vc_column][\/vc_row][vc_row][vc_column][vc_column_text]<\/p>\n<h3>Materiaali ja tekniset tiedot<\/h3>\n<p><img decoding=\"async\" class=\" wp-image-6242 alignright\" src=\"https:\/\/malmerkklaasium.ee\/wp-content\/uploads\/2016\/11\/Section_KLM10-124x300.jpg\" sizes=\"(max-width: 90px) 100vw, 90px\" srcset=\"https:\/\/malmerkklaasium.ee\/wp-content\/uploads\/2016\/11\/Section_KLM10-124x300.jpg 124w, https:\/\/malmerkklaasium.ee\/wp-content\/uploads\/2016\/11\/Section_KLM10-373x900.jpg 373w, https:\/\/malmerkklaasium.ee\/wp-content\/uploads\/2016\/11\/Section_KLM10.jpg 375w\" alt=\"section_klm10\" width=\"90\" height=\"218\" \/><\/p>\n<p>J\u00e4rjestelm\u00e4 koostuu 500 \u2013 700 mm leve\u00e4st\u00e4 lasipaneelista. Terassien lasitukseen k\u00e4ytet\u00e4\u00e4n 8 tai 10 mm reunoista hiottua\u00a0<strong>karkaistua<\/strong>\u00a0lasia, joka rikkoontuessa syntyy rakeita. Rakeet ovat turvallisia eiv\u00e4tk\u00e4 aiheuta vammoja. Voidaan valita joko kirkas \u2013 l\u00e4pin\u00e4kyv\u00e4 tai s\u00e4vytetty lasi.<\/p>\n<p>Terassilasien j\u00e4rjestelm\u00e4\u00e4 voidaan k\u00e4ytt\u00e4\u00e4 suorien, erikokoisten kulmien j\u00e4sent\u00e4mien ja my\u00f6s\u00a0<strong>kuperapintaisten<\/strong>\u00a0terassien lasittamiseen. Sellaisessa j\u00e4rjestelm\u00e4ss\u00e4 ei ole pystyprofiileja ja se ei vaikuta rakennuksen ulkoilmeeseen. J\u00e4rjestelm\u00e4n\u00a0<strong>merkitt\u00e4v\u00e4 etu<\/strong>\u00a0on valoa v\u00e4hent\u00e4vien profiilikehysten puuttuminen ja kulmaterasseissa voidaan lasipaneelit siirt\u00e4\u00e4 kulman yli. Koska j\u00e4rjestelm\u00e4ss\u00e4 on yksikerroksinen lasi, j\u00e4rjestelm\u00e4n katsotaan olevan\u00a0<strong>kylm\u00e4 j\u00e4rjestelm\u00e4<\/strong>, mutta terassi on siit\u00e4 huolimatta l\u00e4mmin ja viihtyis\u00e4 vuoden ymp\u00e4ri.<\/p>\n<p>Halutessa voidaan suorissa terasseissa\u00a0<strong>upottaa<\/strong>\u00a0alempi ohjauskisko (44\u00d750 mm)\u00a0<strong>lattiaan\u00a0<\/strong>siten, ett\u00e4 se olisi lattiatason kanssa samalla tasolla.<\/p>\n<p><strong>J\u00c4RJESTELM\u00c4N AVAUTUMINEN<\/strong><\/p>\n<p><a href=\"https:\/\/malmerkklaasium.ee\/wp-content\/uploads\/2016\/11\/KLM-terrass-11.jpg\" rel=\"group\"><img decoding=\"async\" class=\"alignnone wp-image-6252\" src=\"https:\/\/malmerkklaasium.ee\/wp-content\/uploads\/2016\/11\/KLM-terrass-11-300x225.jpg\" sizes=\"(max-width: 240px) 100vw, 240px\" srcset=\"https:\/\/malmerkklaasium.ee\/wp-content\/uploads\/2016\/11\/KLM-terrass-11-300x225.jpg 300w, https:\/\/malmerkklaasium.ee\/wp-content\/uploads\/2016\/11\/KLM-terrass-11-1024x768.jpg 1024w, https:\/\/malmerkklaasium.ee\/wp-content\/uploads\/2016\/11\/KLM-terrass-11-400x300.jpg 400w, https:\/\/malmerkklaasium.ee\/wp-content\/uploads\/2016\/11\/KLM-terrass-11-1200x900.jpg 1200w\" alt=\"klm-terrass-11\" width=\"240\" height=\"180\" \/><\/a>\u00a0<a href=\"https:\/\/malmerkklaasium.ee\/wp-content\/uploads\/2016\/11\/KLM-terrass-12.jpg\" rel=\"group\"><img decoding=\"async\" class=\"alignnone wp-image-6253\" src=\"https:\/\/malmerkklaasium.ee\/wp-content\/uploads\/2016\/11\/KLM-terrass-12-300x225.jpg\" sizes=\"(max-width: 240px) 100vw, 240px\" srcset=\"https:\/\/malmerkklaasium.ee\/wp-content\/uploads\/2016\/11\/KLM-terrass-12-300x225.jpg 300w, https:\/\/malmerkklaasium.ee\/wp-content\/uploads\/2016\/11\/KLM-terrass-12-1024x768.jpg 1024w, https:\/\/malmerkklaasium.ee\/wp-content\/uploads\/2016\/11\/KLM-terrass-12-400x300.jpg 400w, https:\/\/malmerkklaasium.ee\/wp-content\/uploads\/2016\/11\/KLM-terrass-12-1200x900.jpg 1200w\" alt=\"klm-terrass-12\" width=\"240\" height=\"180\" \/><\/a>\u00a0<a href=\"https:\/\/malmerkklaasium.ee\/wp-content\/uploads\/2016\/11\/KLM-terrass-13.jpg\" rel=\"group\"><img loading=\"lazy\" decoding=\"async\" class=\"alignnone wp-image-6254\" src=\"https:\/\/malmerkklaasium.ee\/wp-content\/uploads\/2016\/11\/KLM-terrass-13-300x225.jpg\" sizes=\"(max-width: 240px) 100vw, 240px\" srcset=\"https:\/\/malmerkklaasium.ee\/wp-content\/uploads\/2016\/11\/KLM-terrass-13-300x225.jpg 300w, https:\/\/malmerkklaasium.ee\/wp-content\/uploads\/2016\/11\/KLM-terrass-13-1024x768.jpg 1024w, https:\/\/malmerkklaasium.ee\/wp-content\/uploads\/2016\/11\/KLM-terrass-13-400x300.jpg 400w, https:\/\/malmerkklaasium.ee\/wp-content\/uploads\/2016\/11\/KLM-terrass-13-1200x900.jpg 1200w\" alt=\"klm-terrass-13\" width=\"240\" height=\"180\" \/><\/a><\/p>\n<h3>Lukitus<\/h3>\n<p><img loading=\"lazy\" decoding=\"async\" class=\" wp-image-6172 alignright\" src=\"https:\/\/malmerkklaasium.ee\/wp-content\/uploads\/2016\/11\/Frameless-terrace-glazing-lock-300x225.jpg\" sizes=\"(max-width: 230px) 100vw, 230px\" srcset=\"https:\/\/malmerkklaasium.ee\/wp-content\/uploads\/2016\/11\/Frameless-terrace-glazing-lock-300x225.jpg 300w, https:\/\/malmerkklaasium.ee\/wp-content\/uploads\/2016\/11\/Frameless-terrace-glazing-lock.jpg 1024w, https:\/\/malmerkklaasium.ee\/wp-content\/uploads\/2016\/11\/Frameless-terrace-glazing-lock-400x300.jpg 400w\" alt=\"frameless-terrace-glazing-lock\" width=\"230\" height=\"173\" \/><\/p>\n<p>Kehyst\u00e4m\u00e4tt\u00f6mien terassilasien\u00a0<strong>vakiolukitus<\/strong>\u00a0toimii alaosan salvan ja yl\u00e4osan lapsilukon avulla. Terassilasit halutaan usein avata my\u00f6s ulkoa k\u00e4sin, joten vaihtoehtona voidaan ensimm\u00e4isess\u00e4 lasista muokata oven, lis\u00e4\u00e4m\u00e4ll\u00e4 siihen\u00a0<strong>kahvallisen lukon<\/strong>\u00a0(avaimella tai painikkeella). Lasien helpompaa siirt\u00e4mist\u00e4 varten voidaan kahvat (painikkeet) asentaa jokaiseen lasiin.[\/vc_column_text][\/vc_column][\/vc_row]<\/p>\n","protected":false},"excerpt":{"rendered":"<p>[vc_row][vc_column][vc_column_text] Kehyst\u00e4m\u00e4tt\u00f6m\u00e4t terassilasit Tuote on\u00a0samanlainen kuin parvekkeen lasitusj\u00e4rjestelm\u00e4\u00a0ja koostuu yl\u00e4- ja alaohjauskiskosta sek\u00e4 vaakarullapy\u00f6rill\u00e4 varustetuista laseista niiden v\u00e4liss\u00e4. Rullapy\u00f6rien ja profiilien yhdistelm\u00e4 mahdollistaa lasien per\u00e4tt\u00e4isen siirt\u00e4misen.<span class=\"excerpt-hellip\"> [\u2026]<\/span><\/p>\n","protected":false},"author":2,"featured_media":0,"parent":3344,"menu_order":0,"comment_status":"closed","ping_status":"closed","template":"","meta":{"footnotes":""},"class_list":["post-3364","page","type-page","status-publish","hentry"],"_links":{"self":[{"href":"https:\/\/murkka.com\/fi\/wp-json\/wp\/v2\/pages\/3364","targetHints":{"allow":["GET"]}}],"collection":[{"href":"https:\/\/murkka.com\/fi\/wp-json\/wp\/v2\/pages"}],"about":[{"href":"https:\/\/murkka.com\/fi\/wp-json\/wp\/v2\/types\/page"}],"author":[{"embeddable":true,"href":"https:\/\/murkka.com\/fi\/wp-json\/wp\/v2\/users\/2"}],"replies":[{"embeddable":true,"href":"https:\/\/murkka.com\/fi\/wp-json\/wp\/v2\/comments?post=3364"}],"version-history":[{"count":2,"href":"https:\/\/murkka.com\/fi\/wp-json\/wp\/v2\/pages\/3364\/revisions"}],"predecessor-version":[{"id":3366,"href":"https:\/\/murkka.com\/fi\/wp-json\/wp\/v2\/pages\/3364\/revisions\/3366"}],"up":[{"embeddable":true,"href":"https:\/\/murkka.com\/fi\/wp-json\/wp\/v2\/pages\/3344"}],"wp:attachment":[{"href":"https:\/\/murkka.com\/fi\/wp-json\/wp\/v2\/media?parent=3364"}],"curies":[{"name":"wp","href":"https:\/\/api.w.org\/{rel}","templated":true}]}}

Kehystämättömät terassilasit

<p>[vc_row][vc_column][vc_column_text]</p>
<h1>Kehystämättömät terassilasit</h1>
<p>Tuote on <strong>samanlainen kuin parvekkeen lasitusjärjestelmä</strong> ja koostuu ylä- ja alaohjauskiskosta sekä vaakarullapyörillä varustetuista laseista niiden välissä. Rullapyörien ja profiilien yhdistelmä mahdollistaa lasien perättäisen siirtämisen. Lasipaneelien avaaminen aloitetaan reunalasista, joka käännetään 90 asteen verran sisäänpäin, seuraavat lasipaneelit siirtyvät reunalasin kohdalle ja avautuvat samalla tavalla sisäänpäin kääntämällä. Näin saadaan lopulta <strong>kaikki</strong> lasipaneelit siirrettyä kirjan lehtien tavoin sisäänpäin seinän viereen ja terassi on <strong>kokonaan auki.</strong></p>
<div id="gallery-2" class="gallery galleryid-7761 gallery-columns-5 gallery-size-thumbnail">
<figure class="gallery-item">
<div class="gallery-icon landscape"></div>
</figure>
</div>
<p>[/vc_column_text][/vc_column][/vc_row][vc_row][vc_column][vc_gallery type=&#8221;image_grid&#8221; images=&#8221;2945,2949,2953,2957,2961&#8243; img_size=&#8221;full&#8221;][/vc_column][/vc_row][vc_row][vc_column][vc_column_text]</p>
<h3>Materiaali ja tekniset tiedot</h3>
<p><img decoding="async" class=" wp-image-6242 alignright" src="https://malmerkklaasium.ee/wp-content/uploads/2016/11/Section_KLM10-124x300.jpg" sizes="(max-width: 90px) 100vw, 90px" srcset="https://malmerkklaasium.ee/wp-content/uploads/2016/11/Section_KLM10-124x300.jpg 124w, https://malmerkklaasium.ee/wp-content/uploads/2016/11/Section_KLM10-373x900.jpg 373w, https://malmerkklaasium.ee/wp-content/uploads/2016/11/Section_KLM10.jpg 375w" alt="section_klm10" width="90" height="218" /></p>
<p>Järjestelmä koostuu 500 – 700 mm leveästä lasipaneelista. Terassien lasitukseen käytetään 8 tai 10 mm reunoista hiottua <strong>karkaistua</strong> lasia, joka rikkoontuessa syntyy rakeita. Rakeet ovat turvallisia eivätkä aiheuta vammoja. Voidaan valita joko kirkas – läpinäkyvä tai sävytetty lasi.</p>
<p>Terassilasien järjestelmää voidaan käyttää suorien, erikokoisten kulmien jäsentämien ja myös <strong>kuperapintaisten</strong> terassien lasittamiseen. Sellaisessa järjestelmässä ei ole pystyprofiileja ja se ei vaikuta rakennuksen ulkoilmeeseen. Järjestelmän <strong>merkittävä etu</strong> on valoa vähentävien profiilikehysten puuttuminen ja kulmaterasseissa voidaan lasipaneelit siirtää kulman yli. Koska järjestelmässä on yksikerroksinen lasi, järjestelmän katsotaan olevan <strong>kylmä järjestelmä</strong>, mutta terassi on siitä huolimatta lämmin ja viihtyisä vuoden ympäri.</p>
<p>Halutessa voidaan suorissa terasseissa <strong>upottaa</strong> alempi ohjauskisko (44×50 mm) <strong>lattiaan </strong>siten, että se olisi lattiatason kanssa samalla tasolla.</p>
<p><strong>JÄRJESTELMÄN AVAUTUMINEN</strong></p>
<p><a href="https://malmerkklaasium.ee/wp-content/uploads/2016/11/KLM-terrass-11.jpg" rel="group"><img decoding="async" class="alignnone wp-image-6252" src="https://malmerkklaasium.ee/wp-content/uploads/2016/11/KLM-terrass-11-300x225.jpg" sizes="(max-width: 240px) 100vw, 240px" srcset="https://malmerkklaasium.ee/wp-content/uploads/2016/11/KLM-terrass-11-300x225.jpg 300w, https://malmerkklaasium.ee/wp-content/uploads/2016/11/KLM-terrass-11-1024x768.jpg 1024w, https://malmerkklaasium.ee/wp-content/uploads/2016/11/KLM-terrass-11-400x300.jpg 400w, https://malmerkklaasium.ee/wp-content/uploads/2016/11/KLM-terrass-11-1200x900.jpg 1200w" alt="klm-terrass-11" width="240" height="180" /></a> <a href="https://malmerkklaasium.ee/wp-content/uploads/2016/11/KLM-terrass-12.jpg" rel="group"><img decoding="async" class="alignnone wp-image-6253" src="https://malmerkklaasium.ee/wp-content/uploads/2016/11/KLM-terrass-12-300x225.jpg" sizes="(max-width: 240px) 100vw, 240px" srcset="https://malmerkklaasium.ee/wp-content/uploads/2016/11/KLM-terrass-12-300x225.jpg 300w, https://malmerkklaasium.ee/wp-content/uploads/2016/11/KLM-terrass-12-1024x768.jpg 1024w, https://malmerkklaasium.ee/wp-content/uploads/2016/11/KLM-terrass-12-400x300.jpg 400w, https://malmerkklaasium.ee/wp-content/uploads/2016/11/KLM-terrass-12-1200x900.jpg 1200w" alt="klm-terrass-12" width="240" height="180" /></a> <a href="https://malmerkklaasium.ee/wp-content/uploads/2016/11/KLM-terrass-13.jpg" rel="group"><img loading="lazy" decoding="async" class="alignnone wp-image-6254" src="https://malmerkklaasium.ee/wp-content/uploads/2016/11/KLM-terrass-13-300x225.jpg" sizes="(max-width: 240px) 100vw, 240px" srcset="https://malmerkklaasium.ee/wp-content/uploads/2016/11/KLM-terrass-13-300x225.jpg 300w, https://malmerkklaasium.ee/wp-content/uploads/2016/11/KLM-terrass-13-1024x768.jpg 1024w, https://malmerkklaasium.ee/wp-content/uploads/2016/11/KLM-terrass-13-400x300.jpg 400w, https://malmerkklaasium.ee/wp-content/uploads/2016/11/KLM-terrass-13-1200x900.jpg 1200w" alt="klm-terrass-13" width="240" height="180" /></a></p>
<h3>Lukitus</h3>
<p><img loading="lazy" decoding="async" class=" wp-image-6172 alignright" src="https://malmerkklaasium.ee/wp-content/uploads/2016/11/Frameless-terrace-glazing-lock-300x225.jpg" sizes="(max-width: 230px) 100vw, 230px" srcset="https://malmerkklaasium.ee/wp-content/uploads/2016/11/Frameless-terrace-glazing-lock-300x225.jpg 300w, https://malmerkklaasium.ee/wp-content/uploads/2016/11/Frameless-terrace-glazing-lock.jpg 1024w, https://malmerkklaasium.ee/wp-content/uploads/2016/11/Frameless-terrace-glazing-lock-400x300.jpg 400w" alt="frameless-terrace-glazing-lock" width="230" height="173" /></p>
<p>Kehystämättömien terassilasien <strong>vakiolukitus</strong> toimii alaosan salvan ja yläosan lapsilukon avulla. Terassilasit halutaan usein avata myös ulkoa käsin, joten vaihtoehtona voidaan ensimmäisessä lasista muokata oven, lisäämällä siihen <strong>kahvallisen lukon</strong> (avaimella tai painikkeella). Lasien helpompaa siirtämistä varten voidaan kahvat (painikkeet) asentaa jokaiseen lasiin.[/vc_column_text][/vc_column][/vc_row]</p>

<p>[vc_row][vc_column][vc_column_text] Kehystämättömät terassilasit Tuote on samanlainen kuin parvekkeen lasitusjärjestelmä ja koostuu ylä- ja alaohjauskiskosta sekä vaakarullapyörillä varustetuista laseista niiden välissä. Rullapyörien ja profiilien yhdistelmä mahdollistaa lasien perättäisen siirtämisen.<span class="excerpt-hellip"> […]</span></p>
